{"id":3520,"date":"2026-03-10T15:19:38","date_gmt":"2026-03-10T14:19:38","guid":{"rendered":"https:\/\/saintbenoit86.fr\/wordpress\/?page_id=3520"},"modified":"2026-03-11T12:45:06","modified_gmt":"2026-03-11T11:45:06","slug":"vie-periscolaire","status":"publish","type":"page","link":"https:\/\/saintbenoit86.fr\/wordpress\/vie-periscolaire\/","title":{"rendered":"Vie p\u00e9riscolaire"},"content":{"rendered":"\n<h4 class=\"wp-block-heading\">Les temps d\u2019activit\u00e9s p\u00e9riscolaires (TAP)<\/h4>\n\n\n\n<p>Malgr\u00e9 la suppression des subventions de l\u2019\u00e9tat, la ville de Saint-Beno\u00eet a d\u00e9cid\u00e9 de maintenir les temps d\u2019activit\u00e9s p\u00e9riscolaires (TAP). Ces activit\u00e9s sont encadr\u00e9es par des intervenants qualifi\u00e9s, employ\u00e9s par la commune ou issus des associations locales.<br>Elles se d\u00e9roulent le lundi, mardi, jeudi et vendredi de chaque semaine.<br>Pour y participer, vous devrez inscrire votre enfant sur un cycle de 6 \u00e0 8 semaines, en r\u00e9pondant au questionnaire que vous recevrez par mail quelques semaines avant le d\u00e9but du cycle.<br>Les activit\u00e9s ne sont en aucun cas obligatoire, mais facultatives.<br>La ville d\u00e9cide de prendre en charge une grande partie de ces activit\u00e9s. Comme pour la restauration scolaire, le quotient familial sera appliqu\u00e9. Vous recevrez une facture correspondante au tarif par cycle d\u2019activit\u00e9s.<\/p>\n\n\n\n<p>Contacts :<br>Rodolphe Prevost \u2013 R\u00e9f\u00e9rent animation enfance et jeunesse <br>Tel : <a href=\"tel:0549516840\" class=\"phone-autolink\">05 49 51 68 40<\/a><\/p>\n\n\n\n<p>Benjaporn Liewkun \u2013 R\u00e9f\u00e9rente TAP pour le site de l\u2019Ermitage<br>T\u00e9l : <a href=\"tel:0630445493\" class=\"phone-autolink\">06 30 44 54 93<\/a><\/p>\n\n\n\n<p>Ang\u00e9lique No\u00ebl- R\u00e9f\u00e9rente TAP pour le iste Irma Jouenne<br>Tel : <a href=\"tel:0630446027\" class=\"phone-autolink\">06 30 44 60 27<\/a><\/p>\n\n\n\n<h4 class=\"wp-block-heading\">La restauration scolaire<\/h4>\n\n\n\n<p>Une restauration scolaire de qualit\u00e9 en gestion directe. La pr\u00e9paration des repas se fait sur place par des cuisiniers qualifi\u00e9s. Ce service de restauration, ainsi que l\u2019animation des temps p\u00e9riscolaires et la s\u00e9curit\u00e9 des enfants est assur\u00e9e par le personnel municipal.<\/p>\n\n\n\n<p><strong>\u00a0\u2013\u00a0\u00a0\u00a0\u00a0\u00a0\u00a0\u00a0\u00a0\u00a0 Restaurant scolaire de l\u2019Ermitage \u00ab\u00a0au plaisir des papilles\u00a0\u00bb<\/strong><br>Alexandra LECOINTRE et son \u00e9quipe pr\u00e9parent 150 repas quotidiennement<br>Service de 12h00 \u00e0 13h30<\/p>\n\n\n\n<p><strong>\u00a0\u2013\u00a0\u00a0\u00a0\u00a0\u00a0\u00a0\u00a0\u00a0\u00a0 Restaurant scolaire Irma Jouenne \u00ab\u00a0la joyeuse fourchette\u00a0\u00bb<\/strong><br>Yannis Chabanis et son \u00e9quipe pr\u00e9parent chaque jour 230 repas pour vos enfants d\u2019\u00e9l\u00e9mentaire et de maternelle.<br>Service de 11h45 \u00e0 13h30<\/p>\n\n\n\n<p><strong>\u2013\u00a0\u00a0\u00a0\u00a0\u00a0\u00a0\u00a0\u00a0\u00a0 Restaurant scolaire du Bois d\u2019amour- Ermitage<\/strong><br>Cathy Favreau et son \u00e9quipe pr\u00e9parent 70 repas tous les midis pour les enfants de la maternelle.<br>Service de 11h45 \u00e013h30<\/p>\n\n\n\n<p><strong>\u00a0\u2013\u00a0\u00a0\u00a0\u00a0\u00a0\u00a0\u00a0\u00a0\u00a0 Cuisine de la structure multi accueil les p\u2019tites canailles<\/strong><br>Catherine DUVERGER pr\u00e9pare les 35 repas journaliers \u00e9labor\u00e9s par Xavier FAVREAU directeur des services p\u00e9riscolaires.<br>Service de 11h15 \u00e0 12h00<\/p>\n\n\n\n<p>Xavier FAVREAU, directeur des services p\u00e9riscolaires de la ville de Saint-Beno\u00eet \u00e9labore les menus en collaboration avec les chefs de cuisine. Il g\u00e8re les achats des quatre sites de restauration de la ville. Un organisme agr\u00e9e ind\u00e9pendant repr\u00e9sent\u00e9 par une di\u00e9t\u00e9ticienne \u00e9tudie et valide tous les menus.<\/p>\n\n\n\n<p>Un autre organisme agr\u00e9e et quant \u00e0 lui charg\u00e9 de contr\u00f4ler par des visites inopin\u00e9es le respect des r\u00e8gles d\u2019hygi\u00e8ne alimentaires pour la s\u00e9curit\u00e9 des enfants.<\/p>\n\n\n\n<h4 class=\"wp-block-heading\">Les garderies scolaires<\/h4>\n\n\n\n<p><strong>Ecole \u00e9l\u00e9mentaire de l\u2019Ermitage\u00a0:<\/strong><br>Responsable\u00a0: Benjaporn LIEWKUN\u00a0: <a href=\"tel:0630445498\" class=\"phone-autolink\">06.30.44.54.98<\/a> \/ <a href=\"tel:0549530138\" class=\"phone-autolink\">05.49.53.01.38<\/a><br>Ouverture\u00a0: 7h30 \u2013 8h50<\/p>\n\n\n\n<p><strong>Ecole \u00e9l\u00e9mentaire Irma Jouenne\u00a0:<\/strong><br>Responsable\u00a0: Ang\u00e9lique NO\u00cbL\u00a0: <a href=\"tel:0630446027\" class=\"phone-autolink\">06.30.44.60.27<\/a><br>Ouverture\u00a0: 7h30 \u00e0 8h35 \/ 16h00 \u00e0 18h30<\/p>\n\n\n\n<p><strong> Ecole maternelle Irma Jouenne\u00a0:\u00a0<\/strong><br>Responsable : Annie TEXEREAU: <a href=\"tel:0549884156\" class=\"phone-autolink\">05 49 88 41 56<\/a> et <a href=\"tel:0607434679\" class=\"phone-autolink\">06 07 43 46 79<\/a><br>Ouverture : 7h30-8h35 \/ 16h-18h30<\/p>\n\n\n\n<p><strong>Ecole maternelle du Bois d\u2019Amour Ermitage<\/strong><br><strong>\u2013 Garderie Bois d\u2019Amour Ermitage\u00a0<\/strong><br>Responsable\u00a0: Audrey BARRAGAN <a href=\"tel:0607434474\" class=\"phone-autolink\">06.07.43.44.74<\/a><br>Ouverture\u00a0: 7h30 \u00e0 8h35 \/ 16h00 \u00e0 18h30<br>\u2013\u00a0<strong>Garderie de l\u2019Ermitage (route de Ligug\u00e9) :\u00a0<\/strong><br>Responsable\u00a0: Corinne BAILLON\u00a0: <a href=\"tel:0607433397\" class=\"phone-autolink\">06.07.43.33.97<\/a><br>Ouverture\u00a0: 7h30 \u00e0 8h20 \/ 16h00 \u00e0 18h30<\/p>\n\n\n\n<h4 class=\"wp-block-heading\">Transport Scolaire<\/h4>\n\n\n\n<p><strong>La Ville de Saint-Beno\u00eet reprend \u00e0 sa charge l\u2019organisation des transports scolaires avec des transporteurs priv\u00e9s<\/strong>.<\/p>\n\n\n\n<p><strong>L\u2019abonnement annuel est de 108\u00a0\u20ac pour les \u00e9l\u00e8ves des \u00e9coles maternelles et \u00e9l\u00e9mentaires.<\/strong><br>Il sera possible d\u2019avoir un abonnement par trimestre en cas d\u2019arriv\u00e9e ou de d\u00e9part de l\u2019\u00e9cole en cours d\u2019ann\u00e9e (abonnement au trimestre\u00a0: 36\u00a0\u20ac).<br>La carte de bus est d\u00e9livr\u00e9e par le service p\u00e9riscolaire. Elle est indispensable pour monter dans le bus.<br><strong>Pour r\u00e9cup\u00e9rer cette carte, il sera n\u00e9cessaire de prendre rendez-vous aupr\u00e8s de Christelle DELAGE au 05\u00a049\u00a037\u00a044\u00a008<br>Elle sera d\u00e9livr\u00e9e contre un r\u00e8glement de 108\u00a0\u20ac et une photo d\u2019identit\u00e9 de l\u2019enfant.<\/strong><\/p>\n\n\n\n<p><strong>\u00c9cole Maternelle du Bois d\u2019Amour<\/strong><br>Un bus avec une accompagnatrice part directement vers l\u2019\u00e9cole du Bois d\u2019Amour \u00e0 8\u00a0h\u00a020 (arr\u00eat Rue de l\u2019Ermitage \u00e0 l\u2019entr\u00e9e de l\u2019\u00e9cole \u00e9l\u00e9mentaire).<br>Pour le retour, d\u00e9part du Bois d\u2019Amour \u00e0 16\u00a0h, arriv\u00e9e \u00e0 16\u00a0h\u00a010 (horaires estimatifs, selon la fluidit\u00e9 du trafic journalier)<\/p>\n\n\n\n<p><strong>\u00c9cole \u00c9l\u00e9mentaire de l\u2019Ermitage<\/strong><br>Desserte quotidienne aller et retour (les arr\u00eats sont consultables sur le site internet de la ville).<br>Le matin d\u00e9part de Chantejeau \u00e0 8\u00a0h\u00a033 et arriv\u00e9e \u00e0 8\u00a0h\u00a050 \u00e0 l\u2019\u00e9cole de l\u2019Ermitage.<br>Le soir d\u00e9part de l\u2019\u00e9cole \u00e0 16\u00a0h\u00a020 (15\u00a0h\u00a020 le vendredi et 12 h 05 le mercredi) et arriv\u00e9e \u00e0 16 h 30 (15 h 30 le vendredi et 12 h 15 le mercredi) \u00e0 Chantejeau.<\/p>\n\n\n\n<p><strong>\u00c9coles maternelle et \u00e9l\u00e9mentaire d\u2019Irma Jouenne<\/strong><br>Ce transport est ouvert aux maternelles avec une accompagnatrice et aux \u00e9l\u00e9mentaires.<br>Desserte quotidienne aller et retour (les arr\u00eats sont consultables sur le site internet de la ville).<\/p>\n\n\n\n<p><\/p>\n","protected":false},"excerpt":{"rendered":"<p>Les temps d\u2019activit\u00e9s p\u00e9riscolaires (TAP) Malgr\u00e9 la suppression des subventions de l\u2019\u00e9tat, la ville de Saint-Beno\u00eet a d\u00e9cid\u00e9 de maintenir les temps d\u2019activit\u00e9s p\u00e9riscolaires (TAP). Ces activit\u00e9s sont encadr\u00e9es par des intervenants qualifi\u00e9s, employ\u00e9s par la commune ou issus des associations locales.Elles se d\u00e9roulent le lundi, mardi, jeudi et vendredi de chaque semaine.Pour y participer, [&hellip;]<\/p>\n","protected":false},"author":1,"featured_media":0,"parent":0,"menu_order":0,"comment_status":"closed","ping_status":"closed","template":"page-templates\/sidebar-right.php","meta":{"_acf_changed":false,"footnotes":""},"class_list":["post-3520","page","type-page","status-publish","hentry"],"acf":[],"_links":{"self":[{"href":"https:\/\/saintbenoit86.fr\/wordpress\/wp-json\/wp\/v2\/pages\/3520","targetHints":{"allow":["GET"]}}],"collection":[{"href":"https:\/\/saintbenoit86.fr\/wordpress\/wp-json\/wp\/v2\/pages"}],"about":[{"href":"https:\/\/saintbenoit86.fr\/wordpress\/wp-json\/wp\/v2\/types\/page"}],"author":[{"embeddable":true,"href":"https:\/\/saintbenoit86.fr\/wordpress\/wp-json\/wp\/v2\/users\/1"}],"replies":[{"embeddable":true,"href":"https:\/\/saintbenoit86.fr\/wordpress\/wp-json\/wp\/v2\/comments?post=3520"}],"version-history":[{"count":7,"href":"https:\/\/saintbenoit86.fr\/wordpress\/wp-json\/wp\/v2\/pages\/3520\/revisions"}],"predecessor-version":[{"id":3579,"href":"https:\/\/saintbenoit86.fr\/wordpress\/wp-json\/wp\/v2\/pages\/3520\/revisions\/3579"}],"wp:attachment":[{"href":"https:\/\/saintbenoit86.fr\/wordpress\/wp-json\/wp\/v2\/media?parent=3520"}],"curies":[{"name":"wp","href":"https:\/\/api.w.org\/{rel}","templated":true}]}}