{"id":3600,"date":"2026-03-11T20:54:00","date_gmt":"2026-03-11T19:54:00","guid":{"rendered":"https:\/\/saintbenoit86.fr\/wordpress\/?page_id=3600"},"modified":"2026-03-12T12:12:09","modified_gmt":"2026-03-12T11:12:09","slug":"seniors","status":"publish","type":"page","link":"https:\/\/saintbenoit86.fr\/wordpress\/seniors\/","title":{"rendered":"S\u00e9niors"},"content":{"rendered":"\n<h4 class=\"wp-block-heading\">Aide et Maintien \u00e0 Domicile<\/h4>\n\n\n\n<p>Le CCAS de Saint-Beno\u00eet accompagne en moyenne 150 personnes \u00e2g\u00e9es ou handicap\u00e9es pour favoriser le maintien \u00e0 domicile.<\/p>\n\n\n\n<ul class=\"wp-block-list\">\n<li><strong>Missions des agents :<\/strong> Aide \u00e0 la toilette, habillage, pr\u00e9paration des repas, entretien du cadre de vie et du linge, aide aux courses et maintien du lien social.<\/li>\n\n\n\n<li><strong>Comment faire une demande ?<\/strong> Adressez-vous au CCAS de la Mairie. Les agents vous orienteront vers les aides adapt\u00e9es et vous accompagneront dans la constitution du dossier.<\/li>\n\n\n\n<li><strong>Pi\u00e8ces justificatives obligatoires :<\/strong> <br>Livret de famille ou pi\u00e8ce d\u2019identit\u00e9. <br>Dernier avis d\u2019imposition ou de non-imposition.<\/li>\n<\/ul>\n\n\n\n<div class=\"lsvr-alert-message lsvr-alert-message--info\"\n    >\n    <div class=\"lsvr-alert-message__inner\">\n\n        \n            <h3 class=\"lsvr-alert-message__title\">\n\n                Contact direct : \n            <\/h3>\n\n        \n        \n            <div class=\"lsvr-alert-message__text\">\n\n                <p>05 49 37 44 04<br \/>\nsaad@saintbenoit86.fr<\/p>\n\n            <\/div>\n\n        \n    <\/div>\n<\/div>\n\n\n\n\n<p class=\"has-text-align-center\"><strong>Tarifs Aide \u00e0 Domicile 2026 (Participation horaire)<\/strong><\/p>\n\n\n\n<div class=\"wp-block-columns is-layout-flex wp-container-core-columns-is-layout-9d6595d7 wp-block-columns-is-layout-flex\">\n<div class=\"wp-block-column is-layout-flow wp-block-column-is-layout-flow\" style=\"flex-basis:100%\">\n<figure class=\"wp-block-table\"><table><thead><tr><th><strong>Ressources (Seul \/ Couple)<\/strong><\/th><th><strong>En semaine<\/strong>\u00a0(Lundi au Samedi)<\/th><th><strong>Dimanches et jours f\u00e9ri\u00e9s<\/strong><\/th><\/tr><\/thead><tbody><tr><td>Jusqu\u2019\u00e0 1 034,24 \u20ac \/ 1 605,73 \u20ac<\/td><td><strong>13,55 \u20ac<\/strong><\/td><td><strong>15,20 \u20ac<\/strong><\/td><\/tr><tr><td>De 1 034,25 \u20ac \u00e0 1 597 \u20ac \/ 1 605,74 \u20ac \u00e0 2 510 \u20ac<\/td><td><strong>27,10 \u20ac<\/strong><\/td><td><strong>30,40 \u20ac<\/strong><\/td><\/tr><tr><td>Au-del\u00e0 de 1 598 \u20ac \/ 2 511 \u20ac<\/td><td><strong>30,00 \u20ac<\/strong><\/td><td><strong>35,00 \u20ac<\/strong><\/td><\/tr><\/tbody><\/table><\/figure>\n<\/div>\n<\/div>\n\n\n\n<div class=\"wp-block-columns is-layout-flex wp-container-core-columns-is-layout-9d6595d7 wp-block-columns-is-layout-flex\">\n<div class=\"wp-block-column is-layout-flow wp-block-column-is-layout-flow\">\n<h4 class=\"wp-block-heading\">T\u00e9l\u00e9assistance<\/h4>\n\n\n\n<p>\u00a0<strong>Pr\u00e9sence Verte Services<\/strong>\u00a0propose un syst\u00e8me vous reliant\u00a0<strong>24h\/24<\/strong>\u00a0et\u00a0<strong>7j\/7 \u00e0 une centrale d\u2019\u00e9coute<\/strong>. En cas de chute, de malaise ou d\u2019accident, une\u00a0<strong>proc\u00e9dure d\u2019urgence<\/strong>\u00a0est imm\u00e9diatement d\u00e9clench\u00e9e pour vous\u00a0<strong>porter secours<\/strong>.<\/p>\n\n\n\n<p><\/p>\n\n\n\n<blockquote class=\"wp-block-quote is-layout-flow wp-block-quote-is-layout-flow\">\n<p><em>Avantage Saint-Beno\u00eet :<\/em> <strong>-1 \u20ac \/ mois<\/strong> sur l\u2019abonnement et <strong>frais d\u2019installation offerts<\/strong>.<\/p>\n<\/blockquote>\n<\/div>\n\n\n\n<div class=\"wp-block-column is-layout-flow wp-block-column-is-layout-flow\">\n<h4 class=\"wp-block-heading\">Portage de repas<\/h4>\n\n\n\n<p>A l\u2019\u00e9coute des besoins de ses administr\u00e9s, la Ville de Saint-Beno\u00eet propose, en collaboration avec la\u00a0<strong>Mutualit\u00e9 Sociale Agricole<\/strong>\u00a0(MSA) et\u00a0<strong>Pr\u00e9sence Verte Services<\/strong>, un\u00a0<strong>service de portage de repas<\/strong>\u00a0pour\u00a0<strong>permettre le maintien \u00e0 domicile des personnes \u00e2g\u00e9es<\/strong>.<\/p>\n\n\n\n<blockquote class=\"wp-block-quote is-layout-flow wp-block-quote-is-layout-flow\">\n<p>A<em>vantage Saint-Beno\u00eet :<\/em> <strong>-0,10 \u20ac \/ repas<\/strong>.<\/p>\n<\/blockquote>\n<\/div>\n<\/div>\n\n\n\n<div class=\"lsvr-alert-message lsvr-alert-message--info\"\n    >\n    <div class=\"lsvr-alert-message__inner\">\n\n        \n            <h3 class=\"lsvr-alert-message__title\">\n\n                Pr\u00e9sence Vert Service\n            <\/h3>\n\n        \n        \n            <div class=\"lsvr-alert-message__text\">\n\n                <p>Pr\u00e9sence Verte Services<br \/>\n37 \u2013 39 rue de Touffenet<br \/>\n86005 Poitiers Cedex<br \/>\n<a href=\"tel:0549445999\" class=\"phone-autolink\">05.49.44.59.99<\/a><\/p>\n\n            <\/div>\n\n        \n    <\/div>\n<\/div>\n\n\n\n\n<hr class=\"wp-block-separator has-alpha-channel-opacity is-style-dots\"\/>\n\n\n\n<h4 class=\"wp-block-heading\">Service de Proximit\u00e9 et Convivialit\u00e9<\/h4>\n\n\n\n<div class=\"wp-block-columns is-layout-flex wp-container-core-columns-is-layout-9d6595d7 wp-block-columns-is-layout-flex\">\n<div class=\"wp-block-column is-layout-flow wp-block-column-is-layout-flow\">\n<p><strong>F\u00eate de No\u00ebl pour les personnes \u00e2g\u00e9es<\/strong><\/p>\n\n\n\n<p>Chaque ann\u00e9e, en d\u00e9cembre, la Ville de Saint-Beno\u00eet organise la\u00a0<strong>\u00ab\u00a0F\u00eate de No\u00ebl pour les personnes \u00e2g\u00e9es\u00a0\u00bb<\/strong>. Cette coutume r\u00e9serv\u00e9e aux\u00a0<strong>71 ans et plus<\/strong>\u00a0leur permet de passer un\u00a0<strong>moment convivial et chaleureux<\/strong>.<br>Au programme\u00a0:\u00a0<strong>go\u00fbter<\/strong>,\u00a0<strong>spectacle<\/strong>\u00a0et un\u00a0<strong>cadeau<\/strong>\u00a0en prime\u00a0!<\/p>\n<\/div>\n\n\n\n<div class=\"wp-block-column is-layout-flow wp-block-column-is-layout-flow\">\n<p><strong>Visites \u00e0 domicile<\/strong><\/p>\n\n\n\n<p>La municipalit\u00e9 se mobilise \u00e9galement pour apporter un\u00a0<strong>service de proximit\u00e9 gratuit<\/strong>\u00a0aupr\u00e8s des\u00a0<strong>personnes \u00e2g\u00e9es isol\u00e9es, fragilis\u00e9es tout au long de l\u2019ann\u00e9e.<\/strong><\/p>\n<\/div>\n<\/div>\n\n\n\n<p>Si vous avez dans votre entourage ou votre voisinage, une personne \u00e2g\u00e9e susceptible de\u00a0<strong>b\u00e9n\u00e9ficier de cette aide<\/strong>, n\u2019h\u00e9sitez pas \u00e0\u00a0<strong>prendre contact<\/strong>\u00a0avec\u00a0:<\/p>\n\n\n\n<div class=\"lsvr-alert-message lsvr-alert-message--info\"\n    >\n    <div class=\"lsvr-alert-message__inner\">\n\n        \n            <h3 class=\"lsvr-alert-message__title\">\n\n                Service d\u2019aide \u00e0 domicile de la Ville de Saint-Beno\u00eet \n            <\/h3>\n\n        \n        \n            <div class=\"lsvr-alert-message__text\">\n\n                <p>05.49.37.44.04 ou <a href=\"tel:0642400630\" class=\"phone-autolink\">06.42.40.06.30<\/a><br \/>\nDe 9h-12h et 13h30-17h30<\/p>\n\n            <\/div>\n\n        \n    <\/div>\n<\/div>\n\n\n\n\n<hr class=\"wp-block-separator has-alpha-channel-opacity is-style-dots\"\/>\n\n\n\n<h4 class=\"wp-block-heading\">R\u00e9sidences et \u00c9tablissements<\/h4>\n\n\n\n<p>La Ville de Saint-Beno\u00eet abrite \u00e9galement\u00a0<strong>trois\u00a0\u00e9tablissements pour personnes \u00e2g\u00e9es, (dont un EHPAD)<\/strong><\/p>\n\n\n\n<div class=\"wp-block-columns is-layout-flex wp-container-core-columns-is-layout-9d6595d7 wp-block-columns-is-layout-flex\">\n<div class=\"wp-block-column is-layout-flow wp-block-column-is-layout-flow\"><div class=\"wp-block-image\">\n<figure class=\"aligncenter size-full is-resized\"><img loading=\"lazy\" decoding=\"async\" width=\"560\" height=\"420\" src=\"https:\/\/saintbenoit86.fr\/wordpress\/wp-content\/uploads\/2026\/03\/chateau-de-lermitage.jpg\" alt=\"\" class=\"wp-image-3652\" style=\"aspect-ratio:1.3333804709043342;width:272px;height:auto\" srcset=\"https:\/\/saintbenoit86.fr\/wordpress\/wp-content\/uploads\/2026\/03\/chateau-de-lermitage.jpg 560w, https:\/\/saintbenoit86.fr\/wordpress\/wp-content\/uploads\/2026\/03\/chateau-de-lermitage-300x225.jpg 300w\" sizes=\"auto, (max-width: 560px) 100vw, 560px\" \/><\/figure>\n<\/div>\n\n\n<p class=\"has-text-align-center\"><strong>R\u00e9sidence services priv\u00e9e <\/strong><br><strong>\u00ab\u00a0LE CHATEAU DE L\u2019ERMITAGE\u00a0\u00bb<\/strong><\/p>\n\n\n\n<p class=\"has-text-align-center\">47 rue de l\u2019Ermitage<br>T\u00e9l\u00a0: <a href=\"tel:0549554655\" class=\"phone-autolink\">05.49.55.46.55<\/a><br><\/p>\n\n\n\n<div class=\"wp-block-buttons is-layout-flex wp-block-buttons-is-layout-flex\">\n<div class=\"wp-block-button\"><a class=\"wp-block-button__link wp-element-button\" href=\"https:\/\/residence-services-ermitage.fr\/\" target=\"_blank\" rel=\"noreferrer noopener\">Voir le site du \u00ab\u00a0Ch\u00e2teau de l\u2019Ermitage<\/a><\/div>\n<\/div>\n<\/div>\n\n\n\n<div class=\"wp-block-column is-layout-flow wp-block-column-is-layout-flow\"><div class=\"wp-block-image\">\n<figure class=\"aligncenter size-full is-resized\"><img loading=\"lazy\" decoding=\"async\" width=\"667\" height=\"500\" src=\"https:\/\/saintbenoit86.fr\/wordpress\/wp-content\/uploads\/2026\/03\/jardins-de-camille-edited.jpg\" alt=\"\" class=\"wp-image-3661\" style=\"aspect-ratio:1.3340171182004668;width:271px;height:auto\" srcset=\"https:\/\/saintbenoit86.fr\/wordpress\/wp-content\/uploads\/2026\/03\/jardins-de-camille-edited.jpg 667w, https:\/\/saintbenoit86.fr\/wordpress\/wp-content\/uploads\/2026\/03\/jardins-de-camille-edited-300x225.jpg 300w\" sizes=\"auto, (max-width: 667px) 100vw, 667px\" \/><\/figure>\n<\/div>\n\n\n<p class=\"has-text-align-center\"><strong>L\u2019EHPAD \u00ab\u00a0Les jardins de Camille\u00a0\u00bb<br>(Maison de retraite m\u00e9dicalis\u00e9e)<\/strong><\/p>\n\n\n\n<p class=\"has-text-align-center\">26 rue du Pr\u00e9-M\u00e9dard<br>T\u00e9l.\u00a0: <a href=\"tel:0549626161\" class=\"phone-autolink\">05.49.62.61.61<\/a><br><\/p>\n\n\n\n<div class=\"wp-block-buttons is-content-justification-center is-layout-flex wp-container-core-buttons-is-layout-16018d1d wp-block-buttons-is-layout-flex\">\n<div class=\"wp-block-button\"><a class=\"wp-block-button__link wp-element-button\" href=\"https:\/\/www.emeis.fr\/fr\/nos-ehpad\/nouvelle-aquitaine\/vienne\/saint-benoit\/maison-retraite-jardins-camille\" target=\"_blank\" rel=\"noreferrer noopener\">Voir le site de l\u2019EHPAD \u00ab\u00a0Les jardins de Camille\u00a0\u00bb<\/a><\/div>\n<\/div>\n<\/div>\n\n\n\n<div class=\"wp-block-column is-layout-flow wp-block-column-is-layout-flow\"><div class=\"wp-block-image\">\n<figure class=\"aligncenter size-large is-resized\"><img loading=\"lazy\" decoding=\"async\" width=\"2560\" height=\"1920\" src=\"https:\/\/saintbenoit86.fr\/wordpress\/wp-content\/uploads\/2026\/03\/aquarelia-edited-scaled.jpg\" alt=\"\" class=\"wp-image-3664\" style=\"aspect-ratio:1.3333569004524888;width:268px;height:auto\" srcset=\"https:\/\/saintbenoit86.fr\/wordpress\/wp-content\/uploads\/2026\/03\/aquarelia-edited-scaled.jpg 2560w, https:\/\/saintbenoit86.fr\/wordpress\/wp-content\/uploads\/2026\/03\/aquarelia-edited-300x225.jpg 300w, https:\/\/saintbenoit86.fr\/wordpress\/wp-content\/uploads\/2026\/03\/aquarelia-edited-1024x768.jpg 1024w, https:\/\/saintbenoit86.fr\/wordpress\/wp-content\/uploads\/2026\/03\/aquarelia-edited-768x576.jpg 768w, https:\/\/saintbenoit86.fr\/wordpress\/wp-content\/uploads\/2026\/03\/aquarelia-edited-1536x1152.jpg 1536w, https:\/\/saintbenoit86.fr\/wordpress\/wp-content\/uploads\/2026\/03\/aquarelia-edited-2048x1536.jpg 2048w\" sizes=\"auto, (max-width: 2560px) 100vw, 2560px\" \/><\/figure>\n<\/div>\n\n\n<p class=\"has-text-align-center\"><strong>R\u00e9sidence Services S\u00e9nior \u00ab\u00a0Aquarelia\u00a0\u00bb<\/strong><\/p>\n\n\n\n<p class=\"has-text-align-center\">35 rue \u00c9ric Tabarly<br>T\u00e9l\u00a0: <a href=\"tel:0586165150\" class=\"phone-autolink\">05.86.16.51.50<\/a><\/p>\n\n\n\n<div class=\"wp-block-buttons is-layout-flex wp-block-buttons-is-layout-flex\">\n<div class=\"wp-block-button\"><a class=\"wp-block-button__link wp-element-button\" href=\"https:\/\/www.facebook.com\/profile.php?id=61550450663760\" target=\"_blank\" rel=\"noreferrer noopener\">Voir le site de la R\u00e9sidence Services S\u00e9nior \u00ab\u00a0Aquarelia\u00a0\u00bb<\/a><\/div>\n<\/div>\n<\/div>\n<\/div>\n\n\n\n<p><\/p>\n","protected":false},"excerpt":{"rendered":"<p>Aide et Maintien \u00e0 Domicile Le CCAS de Saint-Beno\u00eet accompagne en moyenne 150 personnes \u00e2g\u00e9es ou handicap\u00e9es pour favoriser le maintien \u00e0 domicile. Tarifs Aide \u00e0 Domicile 2026 (Participation horaire) Ressources (Seul \/ Couple) En semaine\u00a0(Lundi au Samedi) Dimanches et jours f\u00e9ri\u00e9s Jusqu\u2019\u00e0 1 034,24 \u20ac \/ 1 605,73 \u20ac 13,55 \u20ac 15,20 \u20ac De [&hellip;]<\/p>\n","protected":false},"author":1,"featured_media":0,"parent":0,"menu_order":0,"comment_status":"closed","ping_status":"closed","template":"page-templates\/sidebar-right.php","meta":{"_acf_changed":false,"footnotes":""},"class_list":["post-3600","page","type-page","status-publish","hentry"],"acf":[],"_links":{"self":[{"href":"https:\/\/saintbenoit86.fr\/wordpress\/wp-json\/wp\/v2\/pages\/3600","targetHints":{"allow":["GET"]}}],"collection":[{"href":"https:\/\/saintbenoit86.fr\/wordpress\/wp-json\/wp\/v2\/pages"}],"about":[{"href":"https:\/\/saintbenoit86.fr\/wordpress\/wp-json\/wp\/v2\/types\/page"}],"author":[{"embeddable":true,"href":"https:\/\/saintbenoit86.fr\/wordpress\/wp-json\/wp\/v2\/users\/1"}],"replies":[{"embeddable":true,"href":"https:\/\/saintbenoit86.fr\/wordpress\/wp-json\/wp\/v2\/comments?post=3600"}],"version-history":[{"count":35,"href":"https:\/\/saintbenoit86.fr\/wordpress\/wp-json\/wp\/v2\/pages\/3600\/revisions"}],"predecessor-version":[{"id":3671,"href":"https:\/\/saintbenoit86.fr\/wordpress\/wp-json\/wp\/v2\/pages\/3600\/revisions\/3671"}],"wp:attachment":[{"href":"https:\/\/saintbenoit86.fr\/wordpress\/wp-json\/wp\/v2\/media?parent=3600"}],"curies":[{"name":"wp","href":"https:\/\/api.w.org\/{rel}","templated":true}]}}