{"id":3850,"date":"2026-03-23T13:28:33","date_gmt":"2026-03-23T12:28:33","guid":{"rendered":"https:\/\/saintbenoit86.fr\/wordpress\/?page_id=3850"},"modified":"2026-03-23T13:29:35","modified_gmt":"2026-03-23T12:29:35","slug":"marche-du-samedi-matin","status":"publish","type":"page","link":"https:\/\/saintbenoit86.fr\/wordpress\/marche-du-samedi-matin\/","title":{"rendered":"March\u00e9 du Samedi Matin"},"content":{"rendered":"\n<div class=\"lsvr-alert-message lsvr-alert-message--info\"\n    >\n    <div class=\"lsvr-alert-message__inner\">\n\n        \n            <h3 class=\"lsvr-alert-message__title\">\n\n                Place du 8 mai\n            <\/h3>\n\n        \n        \n            <div class=\"lsvr-alert-message__text\">\n\n                <p>Horaires : De 08h30 \u00e0 13h00.<\/p>\n\n            <\/div>\n\n        \n    <\/div>\n<\/div>\n\n\n\n\n<h4 class=\"wp-block-heading\">Vos commer\u00e7ants <\/h4>\n\n\n<div class=\"wp-block-image\">\n<figure class=\"alignright size-full is-resized\"><img loading=\"lazy\" decoding=\"async\" width=\"682\" height=\"1024\" src=\"https:\/\/saintbenoit86.fr\/wordpress\/wp-content\/uploads\/2026\/03\/marche-saint-benoit.jpg\" alt=\"\" class=\"wp-image-3851\" style=\"aspect-ratio:0.6660175267770204;width:251px;height:auto\" srcset=\"https:\/\/saintbenoit86.fr\/wordpress\/wp-content\/uploads\/2026\/03\/marche-saint-benoit.jpg 682w, https:\/\/saintbenoit86.fr\/wordpress\/wp-content\/uploads\/2026\/03\/marche-saint-benoit-200x300.jpg 200w\" sizes=\"auto, (max-width: 682px) 100vw, 682px\" \/><\/figure>\n<\/div>\n\n\n<p>Retrouvez une large gamme de produits frais et de qualit\u00e9 :<\/p>\n\n\n\n<ul class=\"wp-block-list\">\n<li><strong>Alimentation :<\/strong> Mara\u00eechers, fromagers, poissonniers, volailles, r\u00f4tisserie, hu\u00eetres (selon saison), miel et vins du terroir.<\/li>\n\n\n\n<li><strong>Horticulture :<\/strong> Vente de fleurs et de plants selon la p\u00e9riode.<\/li>\n<\/ul>\n\n\n\n<h4 class=\"wp-block-heading\">Informations pratiques<\/h4>\n\n\n\n<p><strong>Stationnement :<\/strong> Pour faciliter vos achats, plusieurs parkings gratuits sont disponibles \u00e0 proximit\u00e9 :<\/p>\n\n\n\n<ul class=\"wp-block-list\">\n<li>Parking de la Mairie<\/li>\n\n\n\n<li>Parking du Gravion<\/li>\n\n\n\n<li>Parking Saint-Nicolas<\/li>\n<\/ul>\n\n\n\n<p><\/p>\n","protected":false},"excerpt":{"rendered":"<p>Vos commer\u00e7ants Retrouvez une large gamme de produits frais et de qualit\u00e9 : Informations pratiques Stationnement : Pour faciliter vos achats, plusieurs parkings gratuits sont disponibles \u00e0 proximit\u00e9 :<\/p>\n","protected":false},"author":1,"featured_media":0,"parent":0,"menu_order":0,"comment_status":"closed","ping_status":"closed","template":"page-templates\/sidebar-right.php","meta":{"_acf_changed":false,"footnotes":""},"class_list":["post-3850","page","type-page","status-publish","hentry"],"acf":[],"_links":{"self":[{"href":"https:\/\/saintbenoit86.fr\/wordpress\/wp-json\/wp\/v2\/pages\/3850","targetHints":{"allow":["GET"]}}],"collection":[{"href":"https:\/\/saintbenoit86.fr\/wordpress\/wp-json\/wp\/v2\/pages"}],"about":[{"href":"https:\/\/saintbenoit86.fr\/wordpress\/wp-json\/wp\/v2\/types\/page"}],"author":[{"embeddable":true,"href":"https:\/\/saintbenoit86.fr\/wordpress\/wp-json\/wp\/v2\/users\/1"}],"replies":[{"embeddable":true,"href":"https:\/\/saintbenoit86.fr\/wordpress\/wp-json\/wp\/v2\/comments?post=3850"}],"version-history":[{"count":2,"href":"https:\/\/saintbenoit86.fr\/wordpress\/wp-json\/wp\/v2\/pages\/3850\/revisions"}],"predecessor-version":[{"id":3855,"href":"https:\/\/saintbenoit86.fr\/wordpress\/wp-json\/wp\/v2\/pages\/3850\/revisions\/3855"}],"wp:attachment":[{"href":"https:\/\/saintbenoit86.fr\/wordpress\/wp-json\/wp\/v2\/media?parent=3850"}],"curies":[{"name":"wp","href":"https:\/\/api.w.org\/{rel}","templated":true}]}}